the units digit of w?
7
Let q = 370 - 242. What is the thousands digit of (q/96)/((-2)/(-2094))?
1
Suppose -5*f + 5 = 0, -5*l - 1 = f - 2. Suppose -7*x + 57 + 13 = l. What is the units digit of 74/((x/35)/((-1)/(-7)))?
7
Let c = 878 - 862. Suppose -4*b = -2*a - 4670, -c*b - 1163 = -17*b + 5*a. What is the tens digit of b?
6
What is the tens digit of ((-128)/(-96))/((-10)/3)*-2820?
2
Let a(p) = -p**2 - 2*p - 17. Let z be a(-13). Let x = -64 - 40. Let v = x - z. What is the units digit of v?
6
Suppose 1 - 109 = 3*h. Let n be (20/(-30))/(2/h). What is the units digit of n/10*540/24?
7
Let d(c) = 7*c - 95. Let l(g) = -g**2 + 24*g - 81. Let z be l(17). What is the tens digit of d(z)?
7
Let a be 0/((1 + (-4)/3)*3). Suppose -3*i - 5*b + 1106 = a, 0 = -5*i + 3*b + 1935 - 69. What is the tens digit of i?
7
Suppose 88 = -2*r - 2*r. Let f = -2 - r. What is the units digit of 250/f*16/5?
0
Suppose 4*x = -k + 196407, -890*x - 3*k = -892*x + 98235. What is the ten thousands digit of x?
4
Let r be 1*(3/3 + 24). Let f(a) = a**2 + 27*a + 29. Let s be f(-26). Suppose 0 = -s*k + r + 68. What is the tens digit of k?
3
Let h be 524*((-3)/24 + (-6)/(-16)). Let q = -56 + h. What is the units digit of q?
5
Suppose 3*z = -4*w + 5149, 10320 = -11*z + 17*z - 3*w. What is the hundreds digit of z?
7
What is the thousands digit of (-128820)/(-5) + -10*(-1)/1?
5
Let l = 13355 - 7000. What is the thousands digit of l?
6
Let g(q) be the third derivative of q**4/24 + q**3/6 + 10*q**2. Let u(p) = 12*p + 27. Let i(b) = -3*g(b) + u(b). What is the units digit of i(9)?
5
Let z = 230005 + -147068. What is the units digit of z?
7
What is the units digit of -60*2/(-96)*(8537 - 1)?
0
Suppose 3*l + 323*w = 320*w + 6837, -5*w - 15 = 0. What is the hundreds digit of l?
2
Let h be (-1792)/(-48) - 4/(-6). Suppose -w + 5*t = -420, -4*w + 1649 = 3*t + h. What is the tens digit of w?
0
Suppose 9*p = 5*i + 8*p - 25736, -4*p + 10312 = 2*i. What is the hundreds digit of i?
1
Let f(j) = j**2 - 25*j + 41. Let d be f(26). Let r = 706 + d. What is the hundreds digit of r?
7
Let l be (-6)/9*3*1 + 856. Suppose 73*k - l = 66*k. What is the hundreds digit of k?
1
Suppose -22*l + 101*l - 4630368 = -199*l. What is the tens digit of l?
5
Let y(j) be the second derivative of j**6/360 - j**5/12 - j**4/8 - 8*j**3 - 40*j. Let k(r) be the second derivative of y(r). What is the units digit of k(11)?
8
Let p(h) = 1781*h - 6575. What is the units digit of p(20)?
5
Let v(z) = 386*z**3 + 3*z**2 - 16*z + 71. What is the units digit of v(4)?
9
Suppose -3*m + 5611 = 5*d, 0*m + 4*d = 5*m - 9327. What is the thousands digit of m?
1
Let m be -4 + ((-3)/9)/(13/(-195)). What is the tens digit of 7/(2766/1380 - (m - -1))?
1
Let y = 122 - 116. Let g(f) = f**2 + f + 9. What is the units digit of g(y)?
1
Let y be 1 + 15/5 + -5. What is the tens digit of 18/21*(29 + y)?
2
Let s = -6600 - -19776. Suppose 93*p - 85*p = s. What is the units digit of p?
7
Let d(a) = 4156*a - 1318. What is the tens digit of d(14)?
6
Let b = 182369 - 106652. Let k be b/81 - 2/(-9). Suppose -9*m + k = 2*m. What is the units digit of m?
5
Let v be -1*(-15 - -1) + -4. Suppose s + v = 2*q, -3*s = 4*q - 3 - 7. Suppose -71 = -4*b - 3*f, -b - b = q*f - 28. What is the tens digit of b?
2
Let d = 880 - 508. Suppose d = w + 2*x, w + 2*x - 384 = 4*x. What is the hundreds digit of w?
3
Suppose -6*x + 1690 = 1660. Suppose 0 = x*g + 599 - 2744. What is the units digit of g?
9
Let f(t) be the third derivative of -t**4/2 - 8*t**3 + 13*t**2 - 1. What is the units digit of f(-11)?
4
Suppose 1 = -5*v + 11. Suppose 0 = g + v*g - 1761. Suppose g = 6*c - 253. What is the hundreds digit of c?
1
Suppose -v = 3, -2*v + 2 - 8 = 5*w. Let s be w - -19*3/3. What is the units digit of 0/1 - (-57)/s?
3
Let k be (-3 - -2)*((11 - 6) + -11). What is the units digit of 9 + k + 1 + 477?
3
Suppose w - 17 = -2*i - 1, 30 = i - 5*w. Let b be (0 + -18)/(-2) - (5 - 7). Let d = i + b. What is the units digit of d?
1
Let o be 5/(-60)*-8 + 44/6. Suppose o*r + 363 = 15523. Suppose 8*s + 183 = r. What is the tens digit of s?
1
Let g be (7 + 74/(-10))/((-2)/35). Suppose 36 = 2*u + g*u. What is the units digit of u?
4
Let s be 12/9 - -1 - (-5)/(-15). Suppose 5*h + 1 = -3*u + 28, s*h - 14 = -2*u. Suppose -165 = -h*w + 108. What is the tens digit of w?
9
Suppose -j + 17*w + 83 = 12*w, -2*j - 5*w + 76 = 0. What is the tens digit of j?
5
Suppose -19 = -2*c - 5. Let n(y) = -y**2 + 7*y - 6. Let r be n(c). What is the units digit of ((-9)/r)/(3/10)?
5
Suppose 5*u - l = 115768, -114*l = -2*u - 111*l + 46315. What is the units digit of u?
3
What is the hundreds digit of (-6)/(-15) - ((-5557058)/130 + -2)?
7
Let f(y) = 4680*y**3 - 2*y**2 - 3*y + 3. What is the thousands digit of f(1)?
4
Suppose -1106*q + 82821 = -1087*q. What is the tens digit of q?
5
Suppose 2902*p = 2903*p - 447 - 934. What is the thousands digit of p?
1
Suppose -x = n - 5, -3*x + 2*x + 2*n = -17. Let y(a) = -a**3 + 9*a**2 - 20*a + 7. Let d be y(6). What is the units digit of x/((-90)/(-782)) - (-1)/d?
8
Let a(w) = -w + 2. Let c be a(0). Suppose c*o = m + 662, 5*o - 4*m + 3*m - 1649 = 0. What is the units digit of o?
9
Let x(p) = -16*p - 9. Let m be x(-2). Suppose j - m = 5*n - 874, -5*n + 871 = 4*j. Let g = n + -107. What is the units digit of g?
4
Let p(m) be the third derivative of m**6/120 - 3*m**5/10 - 35*m**4/24 + 47*m**3/6 - 3*m**2 + 10. What is the hundreds digit of p(20)?
1
Suppose -3*a - 3 = -9. Let v(k) = 11*k**3 + 9*k**2 - 4*k + 4. Let n(b) = b**3 + 2*b**2 + 1. Let r(p) = -4*n(p) + v(p). What is the units digit of r(a)?
2
Suppose 2*r - h = 1021, -1549 = -3*r - 4*h + 2*h. Let f = r - 286. What is the units digit of f?
7
Let t(q) = 7*q**2 - 38*q + 6. Let r be t(6). Let v(o) = 15*o + 90. What is the tens digit of v(r)?
4
Let g be (0 - 2)/(-16) - (-248)/64. Let f(l) = 62*l**2 - 36*l**2 + l**3 + 2*l - g*l - 3. What is the tens digit of f(-26)?
4
Let y be (-2 - (-32)/12)*-36. What is the hundreds digit of 17479/42 + 4/y?
4
Let c(u) = u**2 - 3*u - 9. Let p be c(4). Let j be 224/(-4)*p + 4. Suppose -2*d - q + 5*q + j = 0, -1 = -q. What is the tens digit of d?
4
Let s = -12967 - -27511. What is the thousands digit of s?
4
Let f be ((-4)/3)/(5/(-510)). Suppose -5*b = 20, -5*n = 3*b - f - 307. What is the tens digit of n?
9
Let d(h) = 4*h - 16. Let l be d(4). Suppose 2*q - 2*p = -l*q + 120, -2*q + 4*p = -114. Let f = q - 17. What is the tens digit of f?
4
Suppose 508*s - 332*s - 3390288 = 0. What is the units digit of s?
3
Suppose -9 = -8*a + 7. Suppose c - a*c - 25 = 0. Let i = c - -70. What is the tens digit of i?
4
Let f(r) be the third derivative of -r**6/20 - r**5/30 + r**4/4 + 13*r**3/3 - 29*r**2. Let i be f(11). What is the tens digit of i/(-32) - ((-2)/(-8) - 0)?
5
Let s(f) = 25*f**3 - 10*f**2 + 85*f + 7. What is the thousands digit of s(6)?
5
Let k(m) = -13*m**3 - 10*m**2 + 11*m - 16. Let u be k(5). Let b = -1304 - u. What is the tens digit of b?
3
Suppose -3*g + 2033 = -u, 0 = 2*g - 10 + 12. What is the tens digit of (-2)/(-4) + u/(-8)?
5
Let o = 23342 - -5791. What is the tens digit of o?
3
What is the units digit of (-12953)/2*(-5 - (-12 + 3))/(-2)?
3
Let i(a) = -7*a - 102. Let m be i(-15). Suppose 0 = -4*h + v + 897, m*h - 689 = 3*v + v. What is the hundreds digit of h?
2
Let v = -808 + 3132. What is the hundreds digit of v?
3
Let u = 565 - 551. Let f(a) be the third derivative of 7*a**4/8 - 31*a**3/6 - 5*a**2. What is the units digit of f(u)?
3
Suppose -3*d + 21 = -12. Suppose d*c + 18*c - 16443 = 0. What is the units digit of c?
7
Let a(r) = r**2 - 21*r - 92. Let n(y) = y + 6. Let k be n(31). What is the units digit of a(k)?
0
Suppose 40 - 48 = 2*d. Let v be (-1)/(-4 + (-17)/d) - -316. Suppose -5*n + 2*i = -v, -5*n - 3*i + 7*i + 314 = 0. What is the units digit of n?
2
Let l(g) = g - 9. Let r be l(8). Suppose 0 = -3*m - 15, 2*s - 3*m - 8 = -1. What is the tens digit of 615/(-10)*(s/(-2))/r?
2
Suppose -341 = k - 2*k. Let y(b) = -b**3 + 29*b**2 + 12*b + 26. Let n be y(29). Suppose k + n = 5*s. What is the hundreds digit of s?
1
Let q(d) = 228*d - 462. Let h be q(2). Let u(f) = -69*f - 1. Let b(i) = 34*i. Let p(j) = -5*b(j) - 2*u(j). What is the tens digit of p(h)?
9
Suppose 2*i = -5*n + 38850, -101*i - n = -97*i - 77682. 